of h?
1
Suppose 6*m - 10*m = 328. Let u = -84 - m. Let z(n) = -10*n**3 - 2*n. What is the tens digit of z(u)?
8
What is the hundreds digit of (-12)/2 - ((28/4 - 11708) + -12)?
7
Suppose -o + 479372 = 41*o - 5*o. What is the tens digit of o?
5
Let x(d) = 47*d**2 + 57*d - 583. What is the hundreds digit of x(9)?
7
Suppose -3*a + u + 16785 = 0, -24*a + 26*a - 11198 = -2*u. What is the tens digit of a?
9
Suppose -12*a - 352 = -16*a. Suppose -10 = -2*j, -j - 22 = 2*n - 5. Let i = a + n. What is the tens digit of i?
7
Let t = 877 - 2035. Let r be (t/(-24) + 2)/((-2)/(-24)). Suppose -155 = 4*b - r. What is the hundreds digit of b?
1
Let x(p) = -2*p + 51. Let k be x(33). Let i(d) = -90*d - 329. What is the units digit of i(k)?
1
Let z(r) be the third derivative of 0*r + 1/120*r**6 + 0 + 19/24*r**4 + 26*r**2 - 11/60*r**5 + 4/3*r**3. What is the tens digit of z(10)?
9
Let l = 99 + -72. Let u(a) = -a + 106. What is the units digit of u(l)?
9
Let f = -43849 - -64044. What is the tens digit of f?
9
Let q be (6 + -14)*2/(-4). Suppose 3*z = -q*b - 20, 7*b - 10*b - 15 = 3*z. Suppose n - x + 15 - 130 = z, -4*n - 4*x = -476. What is the hundreds digit of n?
1
Let v = 37 - 23. Let i(z) = -4*z**2 - v*z + 2*z**2 + 18 + 5*z**2 - 4*z**2. What is the tens digit of i(-11)?
5
Suppose 3*k - 54132 = 146*v - 144*v, 90219 = 5*k - 3*v. What is the tens digit of k?
4
Suppose 4*t + 24 = 0, -26*h - 2*t + 68658 = -23*h. What is the hundreds digit of h?
8
Suppose -2*x + 3*w + 11396 = 0, 0*x + w + 17108 = 3*x. What is the tens digit of x?
0
Let a = 5578 - 1788. What is the units digit of a?
0
Let d(k) = k**2 + 129. Suppose -9 = -2*h + 3*s, -3*h - 4*s - 7 = 5. What is the units digit of d(h)?
9
Suppose -d + 5933 = -5*p, -5*d + 10*d - 29781 = -4*p. What is the thousands digit of d?
5
What is the units digit of ((-14778)/144*8)/((-2)/10)?
5
Let c be (-25)/10*(0 - 2). Suppose c*p + 3*a - 3 = 1393, 837 = 3*p + 2*a. Let u = p - 185. What is the tens digit of u?
9
Suppose 5*l - a = 20610, 8*l + 5*a + 8267 = 10*l. What is the units digit of l?
1
Let x = -86 - -80. Let m = 18 + x. Suppose 0 = 11*s - m*s + 46. What is the units digit of s?
6
Let s = -36 - -66. Let t = s - 49. Let q = -13 - t. What is the units digit of q?
6
Let t be (-10)/(-5) - 4/8*-1046. Suppose -p + t = 15. What is the tens digit of p?
1
Let p = 315 + -288. Let t(g) = -g**3 + 27*g**2 + 16*g + 54. What is the units digit of t(p)?
6
Suppose 6 = 2*b - 5*q, -2*b + 3*q + 6 = 5*q. Suppose -b*u - 4*x = -1384 - 1210, 5*x + 852 = u. What is the tens digit of u?
6
What is the units digit of (0 + 12/(-9))/(20/(-79680))?
2
Let i(z) = -3*z**2 + 2*z + 2. Let w be i(2). Let r(o) = o**2 + 10*o + 5. Let k be r(w). Let l = k - -39. What is the tens digit of l?
2
Suppose -11*t = -28574 - 32674. What is the thousands digit of t?
5
Suppose -i - 3*b + 97 + 394 = 0, -b + 1975 = 4*i. Let q = i + -249. What is the hundreds digit of q?
2
What is the tens digit of (690 + (27 - 18))*87/9?
5
Suppose -l = 4*m - 5*m, 3*l + 10 = 5*m. Let j = l + -10. What is the units digit of (7 + -1)*(78/9 + j)?
2
Let a(s) = 60*s**3 - 17*s**2 + 10*s + 20. What is the ten thousands digit of a(6)?
1
Suppose -21*k + 18*k + 5623 = -5*o, k = 4*o + 1879. What is the tens digit of k?
7
Let u = 169 + -172. What is the units digit of 1/3 + ((-456)/(-9) - u)?
4
Suppose 0 = -3*f + 5*t + 14184, -102*t + 9 = -105*t. What is the hundreds digit of f?
7
Suppose 0 = 4*x + 10 - 66. Suppose -2*b + 5*m = -54, -m = -3*b - 2*m + 81. Let k = b + x. What is the units digit of k?
1
Suppose -498*p = -489*p - 3618. What is the tens digit of p?
0
Let u = 10158 - 5618. What is the tens digit of -4 + (-65)/(-15) - u/(-6)?
5
Suppose -4350130 = -155*u + 3605262 - 1978747. What is the ten thousands digit of u?
3
Let v be ((442/(-39))/17)/((-4)/6618). Suppose 0 = 4*q - 3875 + v. What is the hundreds digit of q?
6
Let q = 42 - 40. Let w be q/((20/15)/2). Suppose w*k - 124 = -37. What is the tens digit of k?
2
Suppose 18*p - 14*p = 392. Let h = 95 - p. Let n(x) = 23*x**2 + 5*x - 7. What is the hundreds digit of n(h)?
1
Suppose 2*z + 2*z = 16, 3*z - 40 = 4*v. Let d(a) = a + 20. Let r be d(v). Suppose 8*j = r*j - 180. What is the tens digit of j?
3
Let p be (1 + -1)/(-5 + 6). Suppose -5*c + 3*c + 4*l + 214 = p, 2*c - 212 = 3*l. Let t = c - 71. What is the units digit of t?
2
What is the ten thousands digit of (39730/411)/(3/918)?
2
Suppose -5*c + 22*a - 26*a = -409, -2*a = 2*c - 162. Let f = -1 + 7. Suppose 95 = f*x - c. What is the units digit of x?
0
Let n be (32/40)/(4/(-50)). Let t be 25 + ((-2)/3 - (-40)/60). What is the tens digit of 4/n*-1 - (-2790)/t?
1
Suppose 4*p = -3*j + 6599 - 352, 2*j - 4158 = 4*p. Suppose j - 326 = 13*r. What is the units digit of (-4)/18 - (-13260)/r?
8
Let f be 3511 + 1 - 2/(-4)*-4. Suppose -3*l - 2*l = 5*x - f, -1402 = -2*x - l. What is the units digit of x?
0
Suppose -9*v + 10*v = 3. Suppose 0 = 2*a - 6*o + v*o + 97, -3*o = 9. Let n = -41 - a. What is the tens digit of n?
1
Suppose -15634 = -3*l + 5*c, 39*l + c = 37*l + 10427. What is the hundreds digit of l?
2
Suppose d + 0 = 4. Suppose d*x = 879 + 1237. What is the hundreds digit of x?
5
Suppose 3*a + 18 = -2*o, -o - 18 + 2 = 5*a. Let i be o/((-4)/16*6). Suppose -8 = -i*t, 14 + 79 = l - 2*t. What is the tens digit of l?
9
Let s be (-6 - (-77)/14)*8. What is the tens digit of (-3)/48*-12 - 77/s?
2
Let d(f) = 27*f**2 + 5*f - 1. Let s(m) = -28*m**2 - 4*m + 1. Let x(c) = -5*d(c) - 6*s(c). Let w be x(1). Let y = 91 - w. What is the units digit of y?
0
Suppose 5*m = -4*a + 67002, 3*a + 5 = -1. What is the hundreds digit of m?
4
Let b(f) = 904*f**2 - 120*f + 806. What is the tens digit of b(7)?
6
Suppose 694*m - 679*m - 233205 = 0. What is the thousands digit of m?
5
Let s(i) = i**3 - 21*i**2 - 45*i - 18. Let g be s(23). Suppose g*l + 3*l = -72. What is the units digit of (-75)/l - (-4)/6?
9
Suppose 10 = -r - 4*q, 5*r + 5*q = 2*q - 33. What is the units digit of (-95)/114 + (-665)/r?
0
Let f(p) = -69*p**3 - 4*p**2 - 9*p - 23. What is the thousands digit of f(-3)?
1
Let g = 136351 - 92796. What is the tens digit of g?
5
Suppose 513 - 150 = 3*n. Suppose 3*g = -4*z - n, 69 = -3*z - 0*g + 5*g. What is the units digit of 8/(-2)*511/z?
3
Suppose -4*v = 13 - 9. Let k be -5 - (-6)/2*v. What is the units digit of (50/k)/(((-1)/(-20))/(-1))?
5
What is the ten thousands digit of (8 - 18*(-48)/(-162))*(-53922)/(-8)?
1
Let h = -28083 - -75527. What is the ten thousands digit of h?
4
Let n be (-63)/(-27) - (-3)/(-9). Suppose 0 = n*r - 5*r + 2*u + 1037, -5*r + 1730 = -5*u. What is the hundreds digit of r?
3
Let l(c) = 2867*c - 3235. What is the hundreds digit of l(4)?
2
Suppose 0 = 2*i + 6*l - 4*l - 8846, 5*i - 2*l - 22115 = 0. What is the hundreds digit of i?
4
What is the tens digit of (-1942038)/(-56) + 54/72?
8
Suppose 2*b + o = 29232, 0 = 9*b - 6*b + 2*o - 43851. What is the units digit of b?
3
Let b(l) = 2*l**2 - 22*l - 217. Let q be b(-6). What is the thousands digit of (q - -20) + (1574 - 0)?
1
Suppose -2*n - 3*m = n + 6, -5 = n + 4*m. What is the units digit of 988*n/(-12)*9?
1
Suppose 3*j + 3*m = 9 - 42, 0 = -2*j + 5*m + 13. What is the hundreds digit of (100/j)/(-3*(-18)/(-891))?
2
Suppose 0 = -5*j - 3*s + 117, 3 = -5*s - 2. Let i = j - 24. Suppose 2*p + 29 = 3*t - 329, -2*t - p + 234 = i. What is the tens digit of t?
1
Let m(y) be the second derivative of -y**4/24 + 21*y**3/2 - 10*y**2 + 40*y. Let t(b) be the first derivative of m(b). What is the units digit of t(-7)?
0
Suppose 0 = -4*x - i + 295567, -157*x - 2*i + 147770 = -155*x. What is the ten thousands digit of x?
7
Let x(v) = 153*v + 39. Let b be x(7). What is the units digit of (b/20 - 2)*18?
3
Let m(b) = 3*b**2 + 39*b - 7. Let n be m(-13). Let g(t) = 10*t**2 - 7*t**2 - 7 + 0 + 8*t. What is the units digit of g(n)?
4
Let f(z) be the third derivative of -z**7/630 + z**6/144 - z**5/3 + 24*z**2. Let o(k) be the third derivative of f(k). What is the units digit of o(-7)?
1
Let u be 1*(-2)/(-2) - (-1)/1. Let g(b) = 5 + 0*b - b**2 - b**3 - 3*b - 6*b**u - 6*b. What is the units digit of g(-7)?
8
Let o = 60678 - 31110. What is the ten thousands digit of o?
2
Let o(c) be the third derivative of -4/3*c**3 + 0*c + 0 - 6*c**2 + 1/4*c**4. What is the units digit of o(2)?
4
Supp